{"id":376,"date":"2018-03-30T18:38:15","date_gmt":"2018-03-30T18:38:15","guid":{"rendered":"http:\/\/ismael-ochoa.com\/webpage\/?page_id=8"},"modified":"2018-03-30T18:38:15","modified_gmt":"2018-03-30T18:38:15","slug":"acerca-de","status":"publish","type":"page","link":"https:\/\/ismael-ochoa.com\/sitiowp\/index.php\/acerca-de\/","title":{"rendered":"Sobre mis gustos"},"content":{"rendered":"<p>Me gusta la m\u00fasica, leer, la fotograf\u00eda y el cine.<\/p>\n<p>He ganado premios como fot\u00f3grafo y como escritor.<\/p>\n<p>Mi libros preferidos son Mr. V\u00e9rtigo, de Paul Auster, Seda, de Alessandro Baricco.<\/p>\n<p>En cuanto a m\u00fasica, Pink Floyd, Yes, King Crimson, Manu Chao, The beatles.<\/p>\n<p>Los mejores directores de cine son: Orson Welles, Stanley Kubrick, Christopher Nolan, Pedro Almod\u00f3var, Alex de la iglesia, Guillermo del Toro, In\u00e1rritu y Alfonso Cuar\u00f3n.<\/p>\n<p>En cuanto a fotograf\u00eda: Henri Cartier-Bresson, Robert Capa, Ansel Adams, Steve McCurry, hasta antes de ser acusado de alterar sus fotos; Philippe Halsman, Berenice Abbott, Daid\u014d Moriyama.<\/p>\n<p>Tambi\u00e9n me encanta la obra de Picasso, la de Dal\u00ed, la de Giorgio de Chirico y la de Remedios Varo.<\/p>\n<p>&nbsp;<\/p>\n<p>&nbsp;<\/p>\n","protected":false},"excerpt":{"rendered":"<p>Me gusta la m\u00fasica, leer, la fotograf\u00eda y el cine. He ganado premios como fot\u00f3grafo y como escritor. Mi libros preferidos son Mr. V\u00e9rtigo, de Paul Auster, Seda, de Alessandro Baricco. En cuanto a m\u00fasica, Pink Floyd, Yes, King Crimson, Manu Chao, The beatles. Los mejores directores de cine son: Orson Welles, Stanley Kubrick, Christopher &hellip; <\/p>\n<p class=\"link-more\"><a href=\"https:\/\/ismael-ochoa.com\/sitiowp\/index.php\/acerca-de\/\" class=\"more-link\">Continuar leyendo<span class=\"screen-reader-text\"> \u00abSobre mis gustos\u00bb<\/span><\/a><\/p>\n","protected":false},"author":1,"featured_media":7,"parent":0,"menu_order":0,"comment_status":"closed","ping_status":"closed","template":"","meta":{"footnotes":""},"class_list":["post-376","page","type-page","status-publish","has-post-thumbnail","hentry"],"yoast_head":"<!-- This site is optimized with the Yoast SEO plugin v26.7 - https:\/\/yoast.com\/wordpress\/plugins\/seo\/ -->\n<title>Sobre mis gustos - Sitio WordPress<\/title>\n<meta name=\"robots\" content=\"index, follow, max-snippet:-1, max-image-preview:large, max-video-preview:-1\" \/>\n<link rel=\"canonical\" href=\"https:\/\/ismael-ochoa.com\/sitiowp\/index.php\/acerca-de\/\" \/>\n<meta property=\"og:locale\" content=\"es_ES\" \/>\n<meta property=\"og:type\" content=\"article\" \/>\n<meta property=\"og:title\" content=\"Sobre mis gustos - Sitio WordPress\" \/>\n<meta property=\"og:description\" content=\"Me gusta la m\u00fasica, leer, la fotograf\u00eda y el cine. He ganado premios como fot\u00f3grafo y como escritor. Mi libros preferidos son Mr. V\u00e9rtigo, de Paul Auster, Seda, de Alessandro Baricco. En cuanto a m\u00fasica, Pink Floyd, Yes, King Crimson, Manu Chao, The beatles. Los mejores directores de cine son: Orson Welles, Stanley Kubrick, Christopher &hellip; Continuar leyendo &quot;Sobre mis gustos&quot;\" \/>\n<meta property=\"og:url\" content=\"https:\/\/ismael-ochoa.com\/sitiowp\/index.php\/acerca-de\/\" \/>\n<meta property=\"og:site_name\" content=\"Sitio WordPress\" \/>\n<meta property=\"og:image\" content=\"https:\/\/ismael-ochoa.com\/sitiowp\/wp-content\/uploads\/2018\/03\/sandwich.jpg\" \/>\n\t<meta property=\"og:image:width\" content=\"2000\" \/>\n\t<meta property=\"og:image:height\" content=\"1200\" \/>\n\t<meta property=\"og:image:type\" content=\"image\/jpeg\" \/>\n<meta name=\"twitter:card\" content=\"summary_large_image\" \/>\n<meta name=\"twitter:label1\" content=\"Tiempo de lectura\" \/>\n\t<meta name=\"twitter:data1\" content=\"1 minuto\" \/>\n<script type=\"application\/ld+json\" class=\"yoast-schema-graph\">{\"@context\":\"https:\/\/schema.org\",\"@graph\":[{\"@type\":\"WebPage\",\"@id\":\"https:\/\/ismael-ochoa.com\/sitiowp\/index.php\/acerca-de\/\",\"url\":\"https:\/\/ismael-ochoa.com\/sitiowp\/index.php\/acerca-de\/\",\"name\":\"Sobre mis gustos - Sitio WordPress\",\"isPartOf\":{\"@id\":\"https:\/\/ismael-ochoa.com\/sitiowp\/#website\"},\"primaryImageOfPage\":{\"@id\":\"https:\/\/ismael-ochoa.com\/sitiowp\/index.php\/acerca-de\/#primaryimage\"},\"image\":{\"@id\":\"https:\/\/ismael-ochoa.com\/sitiowp\/index.php\/acerca-de\/#primaryimage\"},\"thumbnailUrl\":\"https:\/\/ismael-ochoa.com\/sitiowp\/wp-content\/uploads\/2018\/03\/sandwich.jpg\",\"datePublished\":\"2018-03-30T18:38:15+00:00\",\"breadcrumb\":{\"@id\":\"https:\/\/ismael-ochoa.com\/sitiowp\/index.php\/acerca-de\/#breadcrumb\"},\"inLanguage\":\"es\",\"potentialAction\":[{\"@type\":\"ReadAction\",\"target\":[\"https:\/\/ismael-ochoa.com\/sitiowp\/index.php\/acerca-de\/\"]}]},{\"@type\":\"ImageObject\",\"inLanguage\":\"es\",\"@id\":\"https:\/\/ismael-ochoa.com\/sitiowp\/index.php\/acerca-de\/#primaryimage\",\"url\":\"https:\/\/ismael-ochoa.com\/sitiowp\/wp-content\/uploads\/2018\/03\/sandwich.jpg\",\"contentUrl\":\"https:\/\/ismael-ochoa.com\/sitiowp\/wp-content\/uploads\/2018\/03\/sandwich.jpg\",\"width\":2000,\"height\":1200},{\"@type\":\"BreadcrumbList\",\"@id\":\"https:\/\/ismael-ochoa.com\/sitiowp\/index.php\/acerca-de\/#breadcrumb\",\"itemListElement\":[{\"@type\":\"ListItem\",\"position\":1,\"name\":\"Home\",\"item\":\"https:\/\/ismael-ochoa.com\/sitiowp\/\"},{\"@type\":\"ListItem\",\"position\":2,\"name\":\"Sobre mis gustos\"}]},{\"@type\":\"WebSite\",\"@id\":\"https:\/\/ismael-ochoa.com\/sitiowp\/#website\",\"url\":\"https:\/\/ismael-ochoa.com\/sitiowp\/\",\"name\":\"Ismael Ochoa Sitio WordPress\",\"description\":\"El sitio de Ismael Ochoa Rodr\u00edguez en WordPress\",\"alternateName\":\"WordPress Ismael Ochoa\",\"potentialAction\":[{\"@type\":\"SearchAction\",\"target\":{\"@type\":\"EntryPoint\",\"urlTemplate\":\"https:\/\/ismael-ochoa.com\/sitiowp\/?s={search_term_string}\"},\"query-input\":{\"@type\":\"PropertyValueSpecification\",\"valueRequired\":true,\"valueName\":\"search_term_string\"}}],\"inLanguage\":\"es\"}]}<\/script>\n<!-- \/ Yoast SEO plugin. -->","yoast_head_json":{"title":"Sobre mis gustos - Sitio WordPress","robots":{"index":"index","follow":"follow","max-snippet":"max-snippet:-1","max-image-preview":"max-image-preview:large","max-video-preview":"max-video-preview:-1"},"canonical":"https:\/\/ismael-ochoa.com\/sitiowp\/index.php\/acerca-de\/","og_locale":"es_ES","og_type":"article","og_title":"Sobre mis gustos - Sitio WordPress","og_description":"Me gusta la m\u00fasica, leer, la fotograf\u00eda y el cine. He ganado premios como fot\u00f3grafo y como escritor. Mi libros preferidos son Mr. V\u00e9rtigo, de Paul Auster, Seda, de Alessandro Baricco. En cuanto a m\u00fasica, Pink Floyd, Yes, King Crimson, Manu Chao, The beatles. Los mejores directores de cine son: Orson Welles, Stanley Kubrick, Christopher &hellip; Continuar leyendo \"Sobre mis gustos\"","og_url":"https:\/\/ismael-ochoa.com\/sitiowp\/index.php\/acerca-de\/","og_site_name":"Sitio WordPress","og_image":[{"width":2000,"height":1200,"url":"https:\/\/ismael-ochoa.com\/sitiowp\/wp-content\/uploads\/2018\/03\/sandwich.jpg","type":"image\/jpeg"}],"twitter_card":"summary_large_image","twitter_misc":{"Tiempo de lectura":"1 minuto"},"schema":{"@context":"https:\/\/schema.org","@graph":[{"@type":"WebPage","@id":"https:\/\/ismael-ochoa.com\/sitiowp\/index.php\/acerca-de\/","url":"https:\/\/ismael-ochoa.com\/sitiowp\/index.php\/acerca-de\/","name":"Sobre mis gustos - Sitio WordPress","isPartOf":{"@id":"https:\/\/ismael-ochoa.com\/sitiowp\/#website"},"primaryImageOfPage":{"@id":"https:\/\/ismael-ochoa.com\/sitiowp\/index.php\/acerca-de\/#primaryimage"},"image":{"@id":"https:\/\/ismael-ochoa.com\/sitiowp\/index.php\/acerca-de\/#primaryimage"},"thumbnailUrl":"https:\/\/ismael-ochoa.com\/sitiowp\/wp-content\/uploads\/2018\/03\/sandwich.jpg","datePublished":"2018-03-30T18:38:15+00:00","breadcrumb":{"@id":"https:\/\/ismael-ochoa.com\/sitiowp\/index.php\/acerca-de\/#breadcrumb"},"inLanguage":"es","potentialAction":[{"@type":"ReadAction","target":["https:\/\/ismael-ochoa.com\/sitiowp\/index.php\/acerca-de\/"]}]},{"@type":"ImageObject","inLanguage":"es","@id":"https:\/\/ismael-ochoa.com\/sitiowp\/index.php\/acerca-de\/#primaryimage","url":"https:\/\/ismael-ochoa.com\/sitiowp\/wp-content\/uploads\/2018\/03\/sandwich.jpg","contentUrl":"https:\/\/ismael-ochoa.com\/sitiowp\/wp-content\/uploads\/2018\/03\/sandwich.jpg","width":2000,"height":1200},{"@type":"BreadcrumbList","@id":"https:\/\/ismael-ochoa.com\/sitiowp\/index.php\/acerca-de\/#breadcrumb","itemListElement":[{"@type":"ListItem","position":1,"name":"Home","item":"https:\/\/ismael-ochoa.com\/sitiowp\/"},{"@type":"ListItem","position":2,"name":"Sobre mis gustos"}]},{"@type":"WebSite","@id":"https:\/\/ismael-ochoa.com\/sitiowp\/#website","url":"https:\/\/ismael-ochoa.com\/sitiowp\/","name":"Ismael Ochoa Sitio WordPress","description":"El sitio de Ismael Ochoa Rodr\u00edguez en WordPress","alternateName":"WordPress Ismael Ochoa","potentialAction":[{"@type":"SearchAction","target":{"@type":"EntryPoint","urlTemplate":"https:\/\/ismael-ochoa.com\/sitiowp\/?s={search_term_string}"},"query-input":{"@type":"PropertyValueSpecification","valueRequired":true,"valueName":"search_term_string"}}],"inLanguage":"es"}]}},"jetpack_sharing_enabled":true,"_links":{"self":[{"href":"https:\/\/ismael-ochoa.com\/sitiowp\/index.php\/wp-json\/wp\/v2\/pages\/376","targetHints":{"allow":["GET"]}}],"collection":[{"href":"https:\/\/ismael-ochoa.com\/sitiowp\/index.php\/wp-json\/wp\/v2\/pages"}],"about":[{"href":"https:\/\/ismael-ochoa.com\/sitiowp\/index.php\/wp-json\/wp\/v2\/types\/page"}],"author":[{"embeddable":true,"href":"https:\/\/ismael-ochoa.com\/sitiowp\/index.php\/wp-json\/wp\/v2\/users\/1"}],"replies":[{"embeddable":true,"href":"https:\/\/ismael-ochoa.com\/sitiowp\/index.php\/wp-json\/wp\/v2\/comments?post=376"}],"version-history":[{"count":0,"href":"https:\/\/ismael-ochoa.com\/sitiowp\/index.php\/wp-json\/wp\/v2\/pages\/376\/revisions"}],"wp:featuredmedia":[{"embeddable":true,"href":"https:\/\/ismael-ochoa.com\/sitiowp\/index.php\/wp-json\/wp\/v2\/media\/7"}],"wp:attachment":[{"href":"https:\/\/ismael-ochoa.com\/sitiowp\/index.php\/wp-json\/wp\/v2\/media?parent=376"}],"curies":[{"name":"wp","href":"https:\/\/api.w.org\/{rel}","templated":true}]}}